is the units digit of p?
4
Let m = -3014 + 5371. What is the tens digit of m?
5
Suppose 4*z + 142 = 494. Let n = z - 62. What is the tens digit of n?
2
Suppose -3*g + 52 = -2*i - 97, i + 75 = 2*g. Suppose 64 + 278 = 3*w. Let h = i + w. What is the units digit of h?
1
Suppose 0 = -7*o - 87 + 17251. What is the thousands digit of o?
2
Let p(a) = 4*a + 9. Let n be 2*(-1 + -1 + 5). Suppose -r - n = -17. What is the units digit of p(r)?
3
Let k = 20 + 8. Let u = 31 - k. Suppose -z + 29 = 3*t, -2*t = -2*z + u*z - 19. What is the units digit of t?
0
Let s = 282 + -90. Let z = s + -48. What is the tens digit of z?
4
Let r(z) = -2*z**2 + 11*z + 22. Let u be r(8). Suppose -5*a + 18 = -157. Let x = u + a. What is the tens digit of x?
1
Suppose -o + 3 = 0, 5*p + 2*o - 2377 = 3*o. What is the units digit of p?
6
Suppose 5*v = 6*v - 3. Suppose -5*g = 2*z - 3*z - 11, 0 = v*z - 5*g + 23. What is the tens digit of (1 + z)/(1/(-6))?
3
Suppose -4*n - 4*r = 20, 0 = 3*r + 2*r + 25. Let s be 4/(3 + 1)*n. What is the units digit of -1*(-5 + s)/1?
5
Let l(k) = -k**3 + 4*k**2 + 3*k - 6. Let b be l(4). Let g(m) = -m + 1. Let y(r) = -12*r + 6. Let s(a) = b*g(a) - y(a). What is the units digit of s(4)?
4
Suppose 3*h - 42 = 6*h. Let v(j) = -2*j + 22. What is the units digit of v(h)?
0
What is the units digit of (938 + 8 - -3) + 4?
3
Let c(y) = -y**2 + 56*y + 75. What is the units digit of c(25)?
0
Let b(r) be the third derivative of r**6/60 + r**4/24 + 2*r**3/3 - 8*r**2. What is the units digit of b(3)?
1
Suppose -c - 1 - 46 = 0. Let b = c + 27. Let v = b + 35. What is the tens digit of v?
1
Suppose k = 5*v - 9, 0 = 2*v + 5*k + 8 + 10. Suppose -c - 6 - v = 0. Let x = c - -8. What is the units digit of x?
1
Let z be 5*(-1 - -5)*1/2. Suppose -218 = -4*d + 2*a - 3*a, 5*a = z. What is the units digit of d?
4
Suppose 2*x - 828 = -4*x. Suppose x = 3*j + 33. What is the units digit of j?
5
Let a(d) = 28*d**2 + 5*d + 17. Let i be a(-6). Suppose 0 = -13*f + 3062 - i. What is the units digit of f?
9
Suppose -2*u = -12 + 10. Let x(p) = 59*p**2 - p + 2. What is the tens digit of x(u)?
6
Let m be (-54)/(-4)*4/6. Let d = m - 6. What is the units digit of 6 - -3 - (d + -1)?
7
Suppose d + 2*v + 8 = 0, 0 = -4*d + 5*v + 27 - 7. What is the hundreds digit of ((-598)/2 - d)*(1 + -2)?
2
Suppose 12 = -u + 38. Let g = -16 + u. Suppose -24 = -a - q, 2*q - 38 = -a - g. What is the units digit of a?
0
Let x = -363 - -624. What is the tens digit of x?
6
Let u be (21/4)/((-6)/(-32)). Let o = 84 - 24. Let q = o - u. What is the units digit of q?
2
Let l = -396 + 254. Let w = 208 + l. What is the units digit of w?
6
Suppose 3*s + 4*l - 53 = -6, 56 = 4*s + 4*l. Suppose 0 = 2*r - 241 + s. What is the tens digit of r?
1
Suppose -n = n + 3*f - 16, 0 = -5*f + 10. Let r be 37 - (-2)/(n - 3). What is the units digit of (r - (-1 + 5))*1?
4
Let w = 48 - 43. Suppose u = -u - h + 177, -5*u + w*h + 420 = 0. What is the tens digit of u?
8
Suppose 0 = 2*z + 4*q - 28, 3*z - 7 = 4*z - 5*q. Let s(r) be the first derivative of r**4/4 - 7*r**3/3 - 3*r**2 - 10. What is the units digit of s(z)?
6
Let b(n) = n**2 - 3*n - 5. Let x be b(-2). Suppose 3*c = -3*s + 67 + 89, x*s - c - 284 = 0. What is the tens digit of s?
5
Suppose 15*c = 8*c + 12957. What is the units digit of c/15 + (1 - (-28)/(-20))?
3
Let y(u) = -u**3 - 12*u**2 - 24*u + 28. What is the tens digit of y(-13)?
0
Suppose -6 + 81 = 5*a. Suppose 5*x = 2*x - a. Let w = x + 10. What is the units digit of w?
5
Let g = 5 + 0. Suppose g*n = -4*u + 591, -2*u + n + 282 = -n. What is the tens digit of u?
4
What is the hundreds digit of 3/(-2)*59340/(-207)?
4
What is the tens digit of ((-12)/4)/(-9)*213?
7
Let h = -21 - -26. Suppose -h*p - 18 = -m, 3*m - 4 + 2 = 2*p. What is the tens digit of 55 - (-2)/m*2?
5
Let i = 1 + 3. Suppose 3*h + 26 = -4*l - 17, 2*l = -i*h - 24. Let a = l + 33. What is the tens digit of a?
2
Let z(i) = -i**3 + 12*i**2 + i - 12. Suppose 0 - 36 = -3*t. Let w be z(t). Suppose u - 4*s - 27 = w, -s + 2*s + 33 = u. What is the units digit of u?
5
Let r = 7062 - 3222. What is the hundreds digit of r?
8
Let m be 15232/(-6) - (-22)/33. What is the tens digit of m/(-30) + 6/15?
8
Suppose -179 = -6*k + 169. What is the units digit of k?
8
Let i = -144 + 57. Let n = 26 - i. What is the tens digit of n?
1
Suppose -2*b - 2 = -12. Suppose 0 = -2*r + 2*u + 86, b*r - u = -0*r + 215. What is the tens digit of r?
4
Let g(c) = c**3 + 15*c**2 - 15*c + 18. Let f be g(-16). What is the tens digit of (150/4)/(f*(-5)/(-60))?
2
Suppose 0 = 5*j - 4*i - 2965, 5*j = -4*i + 2452 + 553. What is the hundreds digit of j?
5
Let q be (12 - -2) + (2*-4)/(-4). Let o = 112 - q. What is the units digit of o?
6
Let v = 1268 - -1356. What is the units digit of v?
4
Suppose 4*q + 4 = 0, -7801 = -5*x - 6*q + 7*q. What is the tens digit of x?
6
Let w = 33 - 20. What is the tens digit of (-2)/2 - (-77 - w)?
8
Let d(m) = -144*m - 9. Let o be d(-2). Suppose -2*t = t - o. What is the units digit of t?
3
Let c be 7 + -6 + 3*2. Suppose 0 = f + 3*p - c*p + 11, 3*f - 17 = 2*p. Suppose 2*u - h = 3*u + 1, 3*u - f = 3*h. What is the units digit of u?
1
Let r = 34 + -29. Suppose 167 + 458 = r*k. What is the units digit of k?
5
Let b be (-140)/(-3 - (-22)/6). Let o be b/(-40) + (-6)/(-8). What is the tens digit of (o - 6) + (1 - -10)?
1
Let n(z) = 24*z**3 - 4*z**2 - 13*z + 120. What is the tens digit of n(5)?
5
Let v = -1292 + 2212. What is the units digit of v?
0
Suppose -559 = -6*d + 467. What is the tens digit of d?
7
Suppose -33*m + 13293 + 3504 = 0. What is the hundreds digit of m?
5
Suppose 2*h - 900 = 94. Suppose -h = -5*q + 168. What is the tens digit of q?
3
Let m = 1071 + -577. What is the hundreds digit of m?
4
Suppose b - 2*t - 2788 = 0, 3*t = -5*b + 16269 - 2277. What is the tens digit of b?
9
Suppose 16*r = 18*r + 12. Let n(p) = -p**3 - 3*p**2 + 6*p - 19. What is the tens digit of n(r)?
5
Let l = -6 - -22. Let p = 15 - l. What is the units digit of (95/20)/(p/(-4))?
9
Let c = 7 - 8. Let y(b) be the first derivative of 38*b**3/3 - b**2/2 - b + 1. What is the tens digit of y(c)?
3
Suppose l + 2*c = 529, 5*l - 31*c = -28*c + 2645. What is the tens digit of l?
2
Let n(q) be the first derivative of q**4/4 - 7*q**3/3 + 3*q**2/2 - 23*q - 13. What is the hundreds digit of n(9)?
1
Suppose -9*n - 2*n - 2310 = 0. Let k = -108 - n. What is the units digit of k?
2
What is the units digit of 97/(-97) - -147*21?
6
Suppose -3*l + 7*l = -20, 5*s = 3*l + 395. What is the units digit of s?
6
Let u(t) = t**2 + 13*t + 4. Let m be u(-13). Let x = -33 + 33. Suppose 6*y + m*d = y + 90, x = -2*y + 4*d + 64. What is the units digit of y?
2
Suppose -4*n - 18 = -7*n. Suppose n*x = 5*x + 45. What is the tens digit of x?
4
Let b be (-20)/25 + (-64)/(-5). Let y = b - 7. Suppose 0 = -y*v + 2*v + 3. What is the units digit of v?
1
Suppose 73*f - 654 - 76 = 0. What is the tens digit of f?
1
Let l(u) = -2*u + 10. Let f be l(-2). Suppose 147 = -11*g + f*g. What is the tens digit of g?
4
Let v(b) = 4*b - 6. Let a be v(3). Let s(k) = 2*k**3 - 5*k**2 - 9*k - 14. What is the units digit of s(a)?
4
Let f = -2416 - -4643. What is the thousands digit of f?
2
Let p be (-4)/72*-9 - (-6)/4. Let l be 2/(-9) - (-38)/9. What is the tens digit of (p - (4 - l))*12?
2
Let c(z) = z**3 + 32*z**2 + 48*z - 48. Let y be c(-30). Suppose -10*r = -968 - y. What is the hundreds digit of r?
1
Let j(s) = s**2 - 8*s - 27. Let f be j(11). What is the units digit of 47 - (f + -4 - 2)?
7
Suppose 4*n = -7*n + 13926. What is the units digit of n?
6
Let b(r) = 10*r + 1. Let d be b(1). Suppose -4*h - 2*i - 43 = 3, -3*h - 67 = -5*i. What is the units digit of h/(-2) + (-22)/d?
5
Let r = 108 + -102. Let m = 25 - 18. Let x = m - r. What is the units digit of x?
1
Let r(a) = -16*a - 3. Let h be (-148)/18 - -2 - (-4)/18. What is the units digit of r(h)?
3
Suppose 0 = 4*o - 20, -3*p - 5*o - 3944 = -17238. What is the units digit of p?
3
Let p(v) = v**3 + 22*v**2 - 48*v + 35. What is the tens digit of p(-24)?
3
Suppose -5*u - 52 = -547. Let h = 231 - 92. Let v = h - u. What is the units digit of v?
0
Let n = 11 + -11. Suppose -6*g + g + 25 = n, 0 = 4*v - g - 99. What is the tens digit of v?
2
Suppose -2*p = 2, -4*j + 576 = 4*p - 356. What is the units digit of j